{"id":911,"date":"2022-08-10T17:34:52","date_gmt":"2022-08-10T17:34:52","guid":{"rendered":"https:\/\/assistenciastart.com.br\/?post_type=product&#038;p=911"},"modified":"2025-04-11T23:32:57","modified_gmt":"2025-04-11T23:32:57","slug":"placa-logica-pcb-st4000dm004-segate","status":"publish","type":"product","link":"https:\/\/assistenciastart.com.br\/index.php\/produto\/placa-logica-pcb-st4000dm004-segate\/","title":{"rendered":"Placa L\u00f3gica (PCB): ST4000DM004  &#8211; SEGATE"},"content":{"rendered":"<p>Informa\u00e7\u00f5es de compatibilidade:<\/p>\n<p>Especifica\u00e7\u00e3o da Placa L\u00f3gica (PCB):<br \/>\nModelo: ST4000DM004<br \/>\nPN:: 2CV104-300<br \/>\nFirmware: 0001<br \/>\nN\u00famero do PCB: 100800538 REV A<\/p>\n","protected":false},"excerpt":{"rendered":"<p>Informa\u00e7\u00f5es de compatibilidade:<\/p>\n<p>Especifica\u00e7\u00e3o da Placa L\u00f3gica (PCB):<br \/>\nModelo: ST4000DM004<br \/>\nPN:: 2CV104-300<br \/>\nFirmware: 0001<br \/>\nN\u00famero do PCB: 100800538 REV A<\/p>\n<p>&nbsp;<\/p>\n<p>Quando eu devo comprar uma placa doadora?<\/p>\n<p>\u00b7 Quando se tem certeza de que a placa n\u00e3o est\u00e1 funcionando.<\/p>\n<p>\u00b7 Quando \u00e9 percept\u00edvel que n\u00e3o circula energia, n\u00e3o apresenta rota\u00e7\u00e3o ou som.<\/p>\n<p>\u00b7 Quando \u00e9 poss\u00edvel perceber o cheiro de queimado ou mesmo um componente ou circuito queimado.<\/p>\n<p>\u00b7 A placa est\u00e1 extremamente quente. (Ao tocar na placa, tenha muito cuidado)<\/p>\n<p>\u00b7 Oscila\u00e7\u00e3o de energia no disco r\u00edgido.<\/p>\n<p>\u00b7 O disco r\u00edgido emite um som de estralo, cuidado com o disco r\u00edgido e evite impactos no mesmo (apresentar som de estralo e parar pode n\u00e3o ser um problema da placa)<\/p>\n<p>\u00b7 H\u00e1 danos \u00f3bvios na placa PCB<\/p>\n<p>\u00b7 O disco r\u00edgido n\u00e3o gira (o disco r\u00edgido nunca caiu ou foi sacudido), n\u00e3o h\u00e1 som ou pode ouvir um som de rota\u00e7\u00e3o baixo.<\/p>\n<p>\u00b7 Se o disco r\u00edgido simplesmente n\u00e3o puder ser detectado ou se estiver apresentando barulhos, pode ser um problema na placa de circuito, mas tamb\u00e9m pode ser um dano interno. Nesse caso \u00e9 necess\u00e1rio que seja feita uma avalia\u00e7\u00e3o profissional, para isso fa\u00e7a sua cota\u00e7\u00e3o para recupera\u00e7\u00e3o de dados profissional conosco.<\/p>\n<p>Observe que este item pode corrigir SOMENTE drives com problemas na placa de circuito. Algumas unidades t\u00eam danos internos que n\u00e3o podem ser detectados facilmente.<\/p>\n<p>N\u00c3O tente abrir a unidade sem uma sala limpa.<\/p>\n<p>N\u00e3o h\u00e1 pol\u00edtica de devolu\u00e7\u00e3o para este item.<\/p>\n","protected":false},"featured_media":912,"comment_status":"open","ping_status":"closed","template":"","meta":{"_mi_skip_tracking":false,"_monsterinsights_sitenote_active":false,"_monsterinsights_sitenote_note":"","_monsterinsights_sitenote_category":0},"product_cat":[43],"product_tag":[],"class_list":["post-911","product","type-product","status-publish","has-post-thumbnail","hentry","product_cat-placas-segate"],"aioseo_notices":[],"_links":{"self":[{"href":"https:\/\/assistenciastart.com.br\/index.php\/wp-json\/wp\/v2\/product\/911","targetHints":{"allow":["GET"]}}],"collection":[{"href":"https:\/\/assistenciastart.com.br\/index.php\/wp-json\/wp\/v2\/product"}],"about":[{"href":"https:\/\/assistenciastart.com.br\/index.php\/wp-json\/wp\/v2\/types\/product"}],"replies":[{"embeddable":true,"href":"https:\/\/assistenciastart.com.br\/index.php\/wp-json\/wp\/v2\/comments?post=911"}],"wp:featuredmedia":[{"embeddable":true,"href":"https:\/\/assistenciastart.com.br\/index.php\/wp-json\/wp\/v2\/media\/912"}],"wp:attachment":[{"href":"https:\/\/assistenciastart.com.br\/index.php\/wp-json\/wp\/v2\/media?parent=911"}],"wp:term":[{"taxonomy":"product_cat","embeddable":true,"href":"https:\/\/assistenciastart.com.br\/index.php\/wp-json\/wp\/v2\/product_cat?post=911"},{"taxonomy":"product_tag","embeddable":true,"href":"https:\/\/assistenciastart.com.br\/index.php\/wp-json\/wp\/v2\/product_tag?post=911"}],"curies":[{"name":"wp","href":"https:\/\/api.w.org\/{rel}","templated":true}]}}